*2 - 3*b. Let j be o(k). Let r(u) = 2*u - 2. Let p be r(j). Calculate the highest common factor of p and 3.
3
Suppose 2*d - 13 - 20 = 5*l, 0 = -2*d - 2*l + 26. Let z = -25 + 77. Let m = -24 + z. What is the greatest common divisor of d and m?
14
Let g be (-3070)/(-35) - 2/(-7). Let h be (13 + -14)*1*-11. Calculate the greatest common factor of g and h.
11
Suppose -57 = -2*l + 31. Suppose 5*b - 29 = 26. What is the greatest common factor of b and l?
11
Suppose -4*w - 24 = -n, 4*w + 108 = 3*n + w. Let b be (-1)/(-2 + 76/n). What is the greatest common factor of b and 2?
2
Suppose 363 = 5*u - 197. Suppose 2*q - 2 - 2 = 0. Let a be (-3 + 1)/(q/(-14)). What is the greatest common factor of u and a?
14
Let d(b) = -3*b**3 - 4*b**2 + b + 2. Let m be d(-3). Let h = -11 + m. Calculate the highest common factor of h and 3.
3
Suppose -7*g + 315 = -119. What is the greatest common divisor of g and 186?
62
Let p(u) = -17*u + 6. Suppose -8*x + 4*x = 24. Let c be p(x). What is the greatest common factor of 12 and c?
12
Let b = -9 - -6. Let x be 2 - (0 + (-33 - b)). What is the greatest common divisor of 4 and x?
4
Suppose 2*g - 40 - 8 = 0. What is the highest common factor of 3 and g?
3
Let h = 5 + -3. Suppose h*v - 33 = -v. Calculate the highest common divisor of 77 and v.
11
Suppose -7*m + 39 = -6*m. Calculate the highest common factor of m and 13.
13
Let w = 115 - 82. Let i = 2 - -1. What is the highest common divisor of i and w?
3
Let l = -19 - -44. What is the highest common factor of l and 275?
25
Let z(t) = -t**2 - 3*t. Let d be z(-2). Suppose -4*i + 3*p - 116 = 0, -i = i - d*p + 56. Let n be (-7)/4*i/4. What is the highest common divisor of 42 and n?
14
Let n be (-9)/((-9)/106) + -1. Calculate the highest common divisor of 21 and n.
21
Suppose 2*t = -4*n - 0*t + 28, 4*t - 14 = -n. Let i(k) = -k**3 + 5*k**2 + 8*k - 9. Let b be i(6). Calculate the highest common divisor of b and n.
3
Let u be (2 - 1) + 7 + -6. Let k(z) = 36*z - 2. Let h be k(u). What is the highest common factor of 10 and h?
10
Let r = 24 + -19. Suppose -r*o + 155 = -300. What is the greatest common divisor of 13 and o?
13
Let o = 17 + -22. Let h = o + 8. Suppose x + 5*l - 23 = 0, 0*l = -x + 2*l - 5. Calculate the highest common factor of x and h.
3
Let p(z) = 13*z + 6. Let l be p(-12). Let y be l/(-14) - (-4)/14. Calculate the highest common factor of 55 and y.
11
Let h = 37 - 30. Let b(j) = -2*j + 3. Let v be b(-2). Calculate the highest common factor of h and v.
7
Let h be (-2)/(-10) + 138/10. Suppose 18*a - 21*a = -42. Calculate the greatest common factor of a and h.
14
Let k = -37 + 53. Suppose 4*h + k = -v, 0 = -0*v - 3*v + 12. Let p(g) = -g - 3. Let z be p(h). What is the greatest common factor of z and 1?
1
Suppose 0 = o - 0*o - 64. Let v = 28 + -15. Suppose -19 - v = -2*t. Calculate the greatest common factor of o and t.
16
Let a = -7 - -27. Suppose 0*s + a = 4*s. What is the highest common factor of 10 and s?
5
Suppose 129 = 5*w + 3*z, 5*z - 24 = -5*w + 111. Suppose 0 = -3*k + 6, 4*g = -g + k - 57. Let t = w - g. What is the greatest common divisor of 14 and t?
7
Let s = 3 - -20. What is the highest common factor of 161 and s?
23
Let z(k) = 53*k**2 + 3*k + 1. Let p be z(3). Suppose -5*u + 3*o = -p, 3*o + o - 4 = 0. Calculate the greatest common divisor of 14 and u.
14
Suppose 3*t = -0*t + 6. Suppose -t*j + 17 = 5*p, 4*p - 28 = -0*j + 2*j. Let l be (2*p - -1)/1. What is the greatest common factor of l and 99?
11
Let x = 76 + -54. Let p be ((-1)/3)/((-2)/12). Suppose -p*u + 3*s + 10 = -12, 5*u + 4*s = 55. What is the greatest common factor of x and u?
11
Let i = 9 + 13. Calculate the greatest common divisor of 22 and i.
22
Let m(q) = -5*q - 14. Let f be m(-4). What is the greatest common divisor of 15 and f?
3
Let l(d) = -d**3 + 8*d**2 - 7*d + 5. Let r be l(5). Let c be -1 - -1 - (-6 - -6). Suppose c = 2*q - 2 - 16. Calculate the greatest common factor of r and q.
9
Let s = -198 + 351. Suppose -4*m + 32 = -4*u - 24, 0 = 4*m + u - 71. Calculate the greatest common divisor of s and m.
17
Suppose 4*x + y - 2 = 3, -5*x - 4*y - 2 = 0. Let g be (-1)/1*(6 + -13). Suppose -g*b = -2*b - 15. What is the highest common factor of x and b?
1
Suppose 4*a - 20 = 0, 4*o - 7 = 2*o - a. Let v be -1 - (-4 - 0/(-2)). Let r(w) = w**2 + w - 3. Let d be r(v). Calculate the greatest common factor of d and o.
1
Let k(i) = -2*i**2 + 14*i + 6. Let d be k(6). Let o(s) = 17*s**3 + 2*s**2 - 2*s + 1. Let f be o(1). Calculate the highest common factor of d and f.
18
Let b(a) = -a**2 + 2*a - 1. Let m be b(3). Let x be m/14 + 279/21. Calculate the highest common divisor of x and 104.
13
Suppose 4*h + 48 = 208. What is the greatest common divisor of h and 10?
10
Suppose 5*o + 0 = 5. Let c(s) = s - 7. Let y be c(10). What is the greatest common divisor of o and y?
1
Let s be ((-9)/(-2))/(21/28). Calculate the highest common divisor of s and 6.
6
Let u(i) = 3*i - 6. Let p be u(4). Suppose 27*w - 28*w = -4. What is the highest common divisor of w and p?
2
Let f be ((-12)/(-5))/(-6) + (-2564)/(-10). What is the highest common factor of f and 32?
32
Let m = 3 + 15. Let d = m + -13. Suppose -14 = -d*l + 26. What is the greatest common divisor of 8 and l?
8
Suppose -18 = -3*t + 6. Let m(y) = 7*y**2 + 6*y. Let j(s) = -3*s + 2. Let c be j(2). Let l be m(c). Calculate the highest common factor of l and t.
8
Suppose -2*s = -2*a - 6, 0 = 2*s - 0*s - 4*a - 2. Let c = 22 + s. Let t = -5 + c. Calculate the highest common divisor of t and 11.
11
Let c be (-1298)/(-18) - (-6)/(-54). What is the greatest common factor of c and 9?
9
Let d = -15 - -14. Let v(u) = 10*u**2 + u + 1. Let c be v(d). Calculate the highest common factor of c and 30.
10
Suppose 2*m = 7*m - 5. Let q be m*(-28)/(-2 + 0). Calculate the greatest common factor of q and 126.
14
Let y(c) = -c**2 + 7*c - 4. Let d be y(6). Suppose 3*k = -5*o + 57, 2*o + 5*k - 56 = -d*o. Calculate the highest common factor of 45 and o.
9
Let j be 0 + 0 + 1 + 2. Suppose -2*r + 26 = 4*d, -4*r - 13 = -d - 74. What is the greatest common factor of r and j?
3
Suppose 0 = 3*n - 14 - 31. What is the greatest common factor of n and 135?
15
Let x(i) be the third derivative of -i**4/12 - 7*i**3/6 + i**2. Let c be x(-10). Calculate the highest common divisor of 143 and c.
13
Let x be (1 + -27)/(1*-1). What is the greatest common divisor of x and 13?
13
Let h be 408/21 + 9/(-21). Calculate the highest common divisor of 95 and h.
19
Let i be 3 - (4 + (-2 - 2)). Let v = 11 - i. What is the greatest common factor of v and 20?
4
Suppose 4*p - 264 = 24. Suppose 0 = -5*y - 15, -3*y + 4*y = -5*k - 23. Let i be k/(-2) + -5 - -11. Calculate the highest common divisor of p and i.
8
Let g = 94 + -86. Calculate the highest common divisor of g and 72.
8
Let u = -380 + 574. Suppose 0*i + 4 = -2*i, -j - 3*i + u = 0. Calculate the highest common divisor of 20 and j.
20
Suppose -z - 14 = 2. Let f = -1 - 5. Let l = f - z. What is the highest common divisor of 2 and l?
2
Suppose -216 = -5*y + 2*q, -2*y - q = q - 78. Let a = y - -23. What is the greatest common divisor of a and 26?
13
Suppose -2*g - 3*g - 140 = 0. Let j = 49 + g. Let q(v) = v**3 + 7*v**2 - 9*v - 5. Let w be q(-8). Calculate the highest common divisor of w and j.
3
Suppose 3*r = 2*r - 2*w - 25, 5*w = 0. Let p be -1 + 0 - (-2 - -2). Let q be 1 - (-1 - r/p). What is the highest common factor of 18 and q?
9
Let l = -303 + 175. Let h be (6 - 3)*l/(-6). What is the highest common divisor of 16 and h?
16
Let d be 2/2*(-10)/2. Let t(l) = 0 - l + 1 + 1 - 4. Let r be t(d). Calculate the highest common divisor of 3 and r.
3
Let r = -86 + 146. Calculate the highest common factor of r and 24.
12
Suppose 420 = 5*v - v. Let t = -118 - -139. What is the greatest common divisor of t and v?
21
Suppose 6 + 1 = 2*d + 3*f, -3*f = 5*d - 31. Let g be (2/4)/((-2)/(-16)). Calculate the greatest common factor of g and d.
4
Suppose -3*v + l + 2*l + 36 = 0, -4*v = -l - 57. Calculate the highest common divisor of 45 and v.
15
Let n(i) = -13*i - 3. Let a be n(-1). What is the highest common divisor of a and 10?
10
Suppose 3*a = -12, 0 = -y - 0*y + 5*a + 126. What is the highest common divisor of 159 and y?
53
Let k be 1/(465/(-156) + 3). Let m be (-3 - -4)/(2/k). Calculate